216.73.216.243 - - [18/Jul/2026:00:58:31 -0700] "GET /shop/?video=betflixoriginal.com HTTP/2.0" 301 86 "-" "Mozilla/5.0 AppleWebKit/537.36 (KHTML, like Gecko; compatible; ClaudeBot/1.0; +claudebot@anthropic.com)"
57.141.18.116 - - [18/Jul/2026:00:58:30 -0700] "GET /?d=9264175781 HTTP/2.0" 200 197024 "-" "Mozilla/5.0 (Windows NT 10.0; Win64; x64) AppleWebKit/537.36 (KHTML, like Gecko) Chrome/145.0.0.0 Safari/537.36 Edg/145.0.0.0 (compatible; meta-externalagent/1.1 (+https://developers.facebook.com/docs/sharing/webmasters/crawler))"
216.73.216.243 - - [18/Jul/2026:00:58:31 -0700] "GET /shop/?video=sagame+bet HTTP/2.0" 301 40 "-" "Mozilla/5.0 AppleWebKit/537.36 (KHTML, like Gecko; compatible; ClaudeBot/1.0; +claudebot@anthropic.com)"
57.141.18.39 - - [18/Jul/2026:00:58:31 -0700] "GET /?j=4686128393 HTTP/2.0" 200 197659 "-" "Mozilla/5.0 (Macintosh; Intel Mac OS X 10_15_7) AppleWebKit/537.36 (KHTML, like Gecko) Chrome/145.0.0.0 Safari/537.36 (compatible; meta-externalagent/1.1 (+https://developers.facebook.com/docs/sharing/webmasters/crawler))"
216.73.216.243 - - [18/Jul/2026:00:58:32 -0700] "GET /shop/?video=allcasinovip HTTP/2.0" 301 86 "-" "Mozilla/5.0 AppleWebKit/537.36 (KHTML, like Gecko; compatible; ClaudeBot/1.0; +claudebot@anthropic.com)"
74.7.243.196 - - [18/Jul/2026:00:58:32 -0700] "GET /?g=92228200909 HTTP/2.0" 200 25526 "https://cimentarcd.rcdigital.cl/?h=3008911523" "Mozilla/5.0 AppleWebKit/537.36 (KHTML, like Gecko; compatible; GPTBot/1.4; +https://openai.com/gptbot)"
57.141.18.61 - - [18/Jul/2026:00:58:32 -0700] "GET /?z=44563213369 HTTP/2.0" 200 196848 "-" "Mozilla/5.0 (Windows NT 10.0; Win64; x64) AppleWebKit/537.36 (KHTML, like Gecko) Chrome/145.0.0.0 Safari/537.36 (compatible; meta-externalagent/1.1 (+https://developers.facebook.com/docs/sharing/webmasters/crawler))"
216.73.216.243 - - [18/Jul/2026:00:58:32 -0700] "GET /shop/?video=greenx88+true HTTP/2.0" 301 40 "-" "Mozilla/5.0 AppleWebKit/537.36 (KHTML, like Gecko; compatible; ClaudeBot/1.0; +claudebot@anthropic.com)"
57.141.18.108 - - [18/Jul/2026:00:58:32 -0700] "GET /?o=57578145031 HTTP/2.0" 200 196966 "-" "Mozilla/5.0 (Windows NT 10.0; Win64; x64) AppleWebKit/537.36 (KHTML, like Gecko) Chrome/145.0.0.0 Safari/537.36 (compatible; meta-externalagent/1.1 (+https://developers.facebook.com/docs/sharing/webmasters/crawler))"
216.73.216.243 - - [18/Jul/2026:00:58:33 -0700] "GET /shop/?video=g2g888+thai HTTP/2.0" 301 86 "-" "Mozilla/5.0 AppleWebKit/537.36 (KHTML, like Gecko; compatible; ClaudeBot/1.0; +claudebot@anthropic.com)"
216.73.216.243 - - [18/Jul/2026:00:58:33 -0700] "GET /shop/?video=zuma789+bet HTTP/2.0" 301 40 "-" "Mozilla/5.0 AppleWebKit/537.36 (KHTML, like Gecko; compatible; ClaudeBot/1.0; +claudebot@anthropic.com)"
57.141.18.32 - - [18/Jul/2026:00:58:33 -0700] "GET /?h=4581931616 HTTP/2.0" 200 201252 "-" "Mozilla/5.0 (Macintosh; Intel Mac OS X 10_15_7) AppleWebKit/537.36 (KHTML, like Gecko) Chrome/145.0.0.0 Safari/537.36 (compatible; meta-externalagent/1.1 (+https://developers.facebook.com/docs/sharing/webmasters/crawler))"
216.73.216.243 - - [18/Jul/2026:00:58:34 -0700] "GET /shop/?video=pgslotsh1.vip HTTP/2.0" 301 86 "-" "Mozilla/5.0 AppleWebKit/537.36 (KHTML, like Gecko; compatible; ClaudeBot/1.0; +claudebot@anthropic.com)"
57.141.18.41 - - [18/Jul/2026:00:58:33 -0700] "GET /?m=93794141900 HTTP/2.0" 200 197262 "-" "Mozilla/5.0 (Windows NT 10.0; Win64; x64) AppleWebKit/537.36 (KHTML, like Gecko) Chrome/145.0.0.0 Safari/537.36 (compatible; meta-externalagent/1.1 (+https://developers.facebook.com/docs/sharing/webmasters/crawler))"
57.141.18.55 - - [18/Jul/2026:00:58:34 -0700] "GET /?z=44563201428 HTTP/2.0" 200 199847 "-" "Mozilla/5.0 (Windows NT 10.0; Win64; x64) AppleWebKit/537.36 (KHTML, like Gecko) Chrome/145.0.0.0 Safari/537.36 (compatible; meta-externalagent/1.1 (+https://developers.facebook.com/docs/sharing/webmasters/crawler))"
216.73.216.243 - - [18/Jul/2026:00:58:34 -0700] "GET /shop/?video=ipro689bet HTTP/2.0" 301 40 "-" "Mozilla/5.0 AppleWebKit/537.36 (KHTML, like Gecko; compatible; ClaudeBot/1.0; +claudebot@anthropic.com)"
216.73.216.243 - - [18/Jul/2026:00:58:35 -0700] "GET /shop/?video=lcpro88.bet HTTP/2.0" 301 86 "-" "Mozilla/5.0 AppleWebKit/537.36 (KHTML, like Gecko; compatible; ClaudeBot/1.0; +claudebot@anthropic.com)"
57.141.18.63 - - [18/Jul/2026:00:58:35 -0700] "GET /?g=92228269923 HTTP/2.0" 200 200707 "-" "Mozilla/5.0 (Windows NT 10.0; Win64; x64) AppleWebKit/537.36 (KHTML, like Gecko) Chrome/145.0.0.0 Safari/537.36 (compatible; meta-externalagent/1.1 (+https://developers.facebook.com/docs/sharing/webmasters/crawler))"
216.73.216.243 - - [18/Jul/2026:00:58:35 -0700] "GET /shop/?video=win+pg+slot HTTP/2.0" 301 40 "-" "Mozilla/5.0 AppleWebKit/537.36 (KHTML, like Gecko; compatible; ClaudeBot/1.0; +claudebot@anthropic.com)"
74.7.243.196 - - [18/Jul/2026:00:58:35 -0700] "GET /?class/4235-9222800225.html HTTP/2.0" 503 1961 "https://cimentarcd.rcdigital.cl/?g=92228290862" "Mozilla/5.0 AppleWebKit/537.36 (KHTML, like Gecko; compatible; GPTBot/1.4; +https://openai.com/gptbot)"
57.141.18.4 - - [18/Jul/2026:00:58:35 -0700] "GET /?h=3008991568 HTTP/2.0" 200 197583 "-" "Mozilla/5.0 (Macintosh; Intel Mac OS X 10_15_7) AppleWebKit/537.36 (KHTML, like Gecko) Chrome/145.0.0.0 Safari/537.36 (compatible; meta-externalagent/1.1 (+https://developers.facebook.com/docs/sharing/webmasters/crawler))"
216.73.216.243 - - [18/Jul/2026:00:58:36 -0700] "GET /shop/?video=jaonai88+register HTTP/2.0" 301 86 "-" "Mozilla/5.0 AppleWebKit/537.36 (KHTML, like Gecko; compatible; ClaudeBot/1.0; +claudebot@anthropic.com)"
216.73.216.243 - - [18/Jul/2026:00:58:36 -0700] "GET /shop/?video=Hawk+Slot+car+Motors HTTP/2.0" 301 40 "-" "Mozilla/5.0 AppleWebKit/537.36 (KHTML, like Gecko; compatible; ClaudeBot/1.0; +claudebot@anthropic.com)"
57.141.18.92 - - [18/Jul/2026:00:58:36 -0700] "GET /?l=3539785983 HTTP/2.0" 200 198179 "-" "Mozilla/5.0 (Windows NT 10.0; Win64; x64) AppleWebKit/537.36 (KHTML, like Gecko) Chrome/145.0.0.0 Safari/537.36 (compatible; meta-externalagent/1.1 (+https://developers.facebook.com/docs/sharing/webmasters/crawler))"
216.73.216.243 - - [18/Jul/2026:00:58:37 -0700] "GET /shop/?video=betace888 HTTP/2.0" 301 86 "-" "Mozilla/5.0 AppleWebKit/537.36 (KHTML, like Gecko; compatible; ClaudeBot/1.0; +claudebot@anthropic.com)"
57.141.18.9 - - [18/Jul/2026:00:58:37 -0700] "GET /?g=92228116415 HTTP/2.0" 200 198833 "-" "Mozilla/5.0 (Macintosh; Intel Mac OS X 10_15_7) AppleWebKit/537.36 (KHTML, like Gecko) Chrome/145.0.0.0 Safari/537.36 (compatible; meta-externalagent/1.1 (+https://developers.facebook.com/docs/sharing/webmasters/crawler))"
57.141.18.60 - - [18/Jul/2026:00:58:37 -0700] "GET /?o=5757833129 HTTP/2.0" 200 199745 "-" "Mozilla/5.0 (Windows NT 10.0; Win64; x64) AppleWebKit/537.36 (KHTML, like Gecko) Chrome/145.0.0.0 Safari/537.36 (compatible; meta-externalagent/1.1 (+https://developers.facebook.com/docs/sharing/webmasters/crawler))"
216.73.216.243 - - [18/Jul/2026:00:58:37 -0700] "GET /shop/?video=eu168.bet HTTP/2.0" 301 40 "-" "Mozilla/5.0 AppleWebKit/537.36 (KHTML, like Gecko; compatible; ClaudeBot/1.0; +claudebot@anthropic.com)"
216.73.216.243 - - [18/Jul/2026:00:58:38 -0700] "GET /shop/?video=lavagtrs+thai HTTP/2.0" 301 86 "-" "Mozilla/5.0 AppleWebKit/537.36 (KHTML, like Gecko; compatible; ClaudeBot/1.0; +claudebot@anthropic.com)"
57.141.18.78 - - [18/Jul/2026:00:58:37 -0700] "GET /?j=46861257133 HTTP/2.0" 200 196609 "-" "Mozilla/5.0 (Windows NT 10.0; Win64; x64) AppleWebKit/537.36 (KHTML, like Gecko) Chrome/145.0.0.0 Safari/537.36 (compatible; meta-externalagent/1.1 (+https://developers.facebook.com/docs/sharing/webmasters/crawler))"
216.73.216.243 - - [18/Jul/2026:00:58:38 -0700] "GET /shop/?video=aba444+bet HTTP/2.0" 301 40 "-" "Mozilla/5.0 AppleWebKit/537.36 (KHTML, like Gecko; compatible; ClaudeBot/1.0; +claudebot@anthropic.com)"
57.141.18.78 - - [18/Jul/2026:00:58:38 -0700] "GET /?o=5757831047 HTTP/2.0" 200 197498 "-" "Mozilla/5.0 (Windows NT 10.0; Win64; x64) AppleWebKit/537.36 (KHTML, like Gecko) Chrome/145.0.0.0 Safari/537.36 (compatible; meta-externalagent/1.1 (+https://developers.facebook.com/docs/sharing/webmasters/crawler))"
216.73.216.243 - - [18/Jul/2026:00:58:39 -0700] "GET /shop/?video=slotdog888th HTTP/2.0" 301 86 "-" "Mozilla/5.0 AppleWebKit/537.36 (KHTML, like Gecko; compatible; ClaudeBot/1.0; +claudebot@anthropic.com)"
57.141.18.57 - - [18/Jul/2026:00:58:38 -0700] "GET /?m=93794123414 HTTP/2.0" 200 198667 "-" "Mozilla/5.0 (Windows NT 10.0; Win64; x64) AppleWebKit/537.36 (KHTML, like Gecko) Chrome/145.0.0.0 Safari/537.36 (compatible; meta-externalagent/1.1 (+https://developers.facebook.com/docs/sharing/webmasters/crawler))"
74.7.243.196 - - [18/Jul/2026:00:58:39 -0700] "GET /?g=92228218428 HTTP/2.0" 200 25714 "https://cimentarcd.rcdigital.cl/?h=3008928686" "Mozilla/5.0 AppleWebKit/537.36 (KHTML, like Gecko; compatible; GPTBot/1.4; +https://openai.com/gptbot)"
57.141.18.26 - - [18/Jul/2026:00:58:39 -0700] "GET /?g=92228147857 HTTP/2.0" 200 198587 "-" "Mozilla/5.0 (Macintosh; Intel Mac OS X 10_15_7) AppleWebKit/537.36 (KHTML, like Gecko) Chrome/145.0.0.0 Safari/537.36 (compatible; meta-externalagent/1.1 (+https://developers.facebook.com/docs/sharing/webmasters/crawler))"
216.73.216.243 - - [18/Jul/2026:00:58:39 -0700] "GET /shop/?video=gt99bet+com HTTP/2.0" 301 40 "-" "Mozilla/5.0 AppleWebKit/537.36 (KHTML, like Gecko; compatible; ClaudeBot/1.0; +claudebot@anthropic.com)"
216.73.216.243 - - [18/Jul/2026:00:58:40 -0700] "GET /shop/?video=only+free+fan HTTP/2.0" 301 86 "-" "Mozilla/5.0 AppleWebKit/537.36 (KHTML, like Gecko; compatible; ClaudeBot/1.0; +claudebot@anthropic.com)"
57.141.18.55 - - [18/Jul/2026:00:58:40 -0700] "GET /?o=5757855518 HTTP/2.0" 200 199039 "-" "Mozilla/5.0 (Windows NT 10.0; Win64; x64) AppleWebKit/537.36 (KHTML, like Gecko) Chrome/145.0.0.0 Safari/537.36 (compatible; meta-externalagent/1.1 (+https://developers.facebook.com/docs/sharing/webmasters/crawler))"
57.141.18.90 - - [18/Jul/2026:00:58:40 -0700] "GET /?g=9222852678 HTTP/2.0" 200 195090 "-" "Mozilla/5.0 (Macintosh; Intel Mac OS X 10_15_7) AppleWebKit/537.36 (KHTML, like Gecko) Chrome/145.0.0.0 Safari/537.36 (compatible; meta-externalagent/1.1 (+https://developers.facebook.com/docs/sharing/webmasters/crawler))"
216.73.216.243 - - [18/Jul/2026:00:58:41 -0700] "GET /shop/?video=pg569asiavip HTTP/2.0" 301 132 "-" "Mozilla/5.0 AppleWebKit/537.36 (KHTML, like Gecko; compatible; ClaudeBot/1.0; +claudebot@anthropic.com)"
216.73.216.243 - - [18/Jul/2026:00:58:41 -0700] "GET /shop/?video=askmecasino+true HTTP/2.0" 301 40 "-" "Mozilla/5.0 AppleWebKit/537.36 (KHTML, like Gecko; compatible; ClaudeBot/1.0; +claudebot@anthropic.com)"
57.141.18.27 - - [18/Jul/2026:00:58:41 -0700] "GET /?m=93794277348 HTTP/2.0" 200 201386 "-" "Mozilla/5.0 (Windows NT 10.0; Win64; x64) AppleWebKit/537.36 (KHTML, like Gecko) Chrome/145.0.0.0 Safari/537.36 (compatible; meta-externalagent/1.1 (+https://developers.facebook.com/docs/sharing/webmasters/crawler))"
216.73.216.243 - - [18/Jul/2026:00:58:42 -0700] "GET /shop/?video=168topgame+login HTTP/2.0" 301 86 "-" "Mozilla/5.0 AppleWebKit/537.36 (KHTML, like Gecko; compatible; ClaudeBot/1.0; +claudebot@anthropic.com)"
216.73.216.243 - - [18/Jul/2026:00:58:42 -0700] "GET /shop/?video=winner98+PGSLOT HTTP/2.0" 301 40 "-" "Mozilla/5.0 AppleWebKit/537.36 (KHTML, like Gecko; compatible; ClaudeBot/1.0; +claudebot@anthropic.com)"
57.141.18.55 - - [18/Jul/2026:00:58:42 -0700] "GET /?d=9264195038 HTTP/2.0" 200 199528 "-" "Mozilla/5.0 (Windows NT 10.0; Win64; x64) AppleWebKit/537.36 (KHTML, like Gecko) Chrome/145.0.0.0 Safari/537.36 (compatible; meta-externalagent/1.1 (+https://developers.facebook.com/docs/sharing/webmasters/crawler))"
57.141.18.84 - - [18/Jul/2026:00:58:42 -0700] "GET /?h=45819162198 HTTP/2.0" 200 197948 "-" "Mozilla/5.0 (Macintosh; Intel Mac OS X 10_15_7) AppleWebKit/537.36 (KHTML, like Gecko) Chrome/145.0.0.0 Safari/537.36 (compatible; meta-externalagent/1.1 (+https://developers.facebook.com/docs/sharing/webmasters/crawler))"
216.73.216.243 - - [18/Jul/2026:00:58:43 -0700] "GET /shop/?video=nagabet+th HTTP/2.0" 301 86 "-" "Mozilla/5.0 AppleWebKit/537.36 (KHTML, like Gecko; compatible; ClaudeBot/1.0; +claudebot@anthropic.com)"
216.73.216.243 - - [18/Jul/2026:00:58:43 -0700] "GET /shop/?video=r8plus+thailand HTTP/2.0" 301 40 "-" "Mozilla/5.0 AppleWebKit/537.36 (KHTML, like Gecko; compatible; ClaudeBot/1.0; +claudebot@anthropic.com)"
57.141.18.19 - - [18/Jul/2026:00:58:43 -0700] "GET /?l=3539789326 HTTP/2.0" 200 196966 "-" "Mozilla/5.0 (Windows NT 10.0; Win64; x64) AppleWebKit/537.36 (KHTML, like Gecko) Chrome/145.0.0.0 Safari/537.36 (compatible; meta-externalagent/1.1 (+https://developers.facebook.com/docs/sharing/webmasters/crawler))"
216.73.216.243 - - [18/Jul/2026:00:58:44 -0700] "GET /shop/?video=nmdslot+ABL HTTP/2.0" 301 86 "-" "Mozilla/5.0 AppleWebKit/537.36 (KHTML, like Gecko; compatible; ClaudeBot/1.0; +claudebot@anthropic.com)"
57.141.18.70 - - [18/Jul/2026:00:58:43 -0700] "GET /?o=57578155107 HTTP/2.0" 200 194725 "-" "Mozilla/5.0 (Windows NT 10.0; Win64; x64) AppleWebKit/537.36 (KHTML, like Gecko) Chrome/145.0.0.0 Safari/537.36 (compatible; meta-externalagent/1.1 (+https://developers.facebook.com/docs/sharing/webmasters/crawler))"
57.141.18.14 - - [18/Jul/2026:00:58:43 -0700] "GET /?t=14553222046 HTTP/2.0" 200 198686 "-" "Mozilla/5.0 (X11; Linux x86_64) AppleWebKit/537.36 (KHTML, like Gecko) Chrome/145.0.0.0 Safari/537.36 (compatible; meta-externalagent/1.1 (+https://developers.facebook.com/docs/sharing/webmasters/crawler))"
57.141.18.35 - - [18/Jul/2026:00:58:43 -0700] "GET /?z=44563210991 HTTP/2.0" 200 197891 "-" "Mozilla/5.0 (Windows NT 10.0; Win64; x64) AppleWebKit/537.36 (KHTML, like Gecko) Chrome/145.0.0.0 Safari/537.36 (compatible; meta-externalagent/1.1 (+https://developers.facebook.com/docs/sharing/webmasters/crawler))"
216.73.216.243 - - [18/Jul/2026:00:58:44 -0700] "GET /shop/?video=megac4+PGSLOT HTTP/2.0" 301 40 "-" "Mozilla/5.0 AppleWebKit/537.36 (KHTML, like Gecko; compatible; ClaudeBot/1.0; +claudebot@anthropic.com)"
216.73.216.243 - - [18/Jul/2026:00:58:45 -0700] "GET /shop/?video=acebet7thai HTTP/2.0" 301 86 "-" "Mozilla/5.0 AppleWebKit/537.36 (KHTML, like Gecko; compatible; ClaudeBot/1.0; +claudebot@anthropic.com)"
216.73.216.243 - - [18/Jul/2026:00:58:45 -0700] "GET /shop/?video=g2ggalaxyvip HTTP/2.0" 301 40 "-" "Mozilla/5.0 AppleWebKit/537.36 (KHTML, like Gecko; compatible; ClaudeBot/1.0; +claudebot@anthropic.com)"
57.141.18.31 - - [18/Jul/2026:00:58:45 -0700] "GET /?h=4581937141 HTTP/2.0" 200 201028 "-" "Mozilla/5.0 (Windows NT 10.0; Win64; x64) AppleWebKit/537.36 (KHTML, like Gecko) Chrome/145.0.0.0 Safari/537.36 (compatible; meta-externalagent/1.1 (+https://developers.facebook.com/docs/sharing/webmasters/crawler))"
216.73.216.243 - - [18/Jul/2026:00:58:46 -0700] "GET /shop/?video=king365+gizmodo HTTP/2.0" 301 86 "-" "Mozilla/5.0 AppleWebKit/537.36 (KHTML, like Gecko; compatible; ClaudeBot/1.0; +claudebot@anthropic.com)"
57.141.18.101 - - [18/Jul/2026:00:58:45 -0700] "GET /?m=93794158375 HTTP/2.0" 200 198639 "-" "Mozilla/5.0 (Macintosh; Intel Mac OS X 10_15_7) AppleWebKit/537.36 (KHTML, like Gecko) Chrome/145.0.0.0 Safari/537.36 (compatible; meta-externalagent/1.1 (+https://developers.facebook.com/docs/sharing/webmasters/crawler))"
216.73.216.243 - - [18/Jul/2026:00:58:46 -0700] "GET /shop/?video=bfbet+vip HTTP/2.0" 301 40 "-" "Mozilla/5.0 AppleWebKit/537.36 (KHTML, like Gecko; compatible; ClaudeBot/1.0; +claudebot@anthropic.com)"
216.73.216.243 - - [18/Jul/2026:00:58:47 -0700] "GET /shop/?video=pap55.bet HTTP/2.0" 301 86 "-" "Mozilla/5.0 AppleWebKit/537.36 (KHTML, like Gecko; compatible; ClaudeBot/1.0; +claudebot@anthropic.com)"
57.141.18.84 - - [18/Jul/2026:00:58:46 -0700] "GET /?o=5757850765 HTTP/2.0" 200 198057 "-" "Mozilla/5.0 (Macintosh; Intel Mac OS X 10_15_7) AppleWebKit/537.36 (KHTML, like Gecko) Chrome/145.0.0.0 Safari/537.36 (compatible; meta-externalagent/1.1 (+https://developers.facebook.com/docs/sharing/webmasters/crawler))"
57.141.18.97 - - [18/Jul/2026:00:58:46 -0700] "GET /?m=9379433687 HTTP/2.0" 200 198584 "-" "Mozilla/5.0 (X11; Linux x86_64) AppleWebKit/537.36 (KHTML, like Gecko) Chrome/145.0.0.0 Safari/537.36 (compatible; meta-externalagent/1.1 (+https://developers.facebook.com/docs/sharing/webmasters/crawler))"
57.141.18.18 - - [18/Jul/2026:00:58:46 -0700] "GET /?z=4456326490 HTTP/2.0" 200 196264 "-" "Mozilla/5.0 (Windows NT 10.0; Win64; x64) AppleWebKit/537.36 (KHTML, like Gecko) Chrome/145.0.0.0 Safari/537.36 (compatible; meta-externalagent/1.1 (+https://developers.facebook.com/docs/sharing/webmasters/crawler))"
216.73.216.243 - - [18/Jul/2026:00:58:47 -0700] "GET /shop/?video=xo1688+true HTTP/2.0" 301 40 "-" "Mozilla/5.0 AppleWebKit/537.36 (KHTML, like Gecko; compatible; ClaudeBot/1.0; +claudebot@anthropic.com)"
57.141.18.83 - - [18/Jul/2026:00:58:47 -0700] "GET /?h=300893786 HTTP/2.0" 200 196992 "-" "Mozilla/5.0 (Windows NT 10.0; Win64; x64) AppleWebKit/537.36 (KHTML, like Gecko) Chrome/145.0.0.0 Safari/537.36 (compatible; meta-externalagent/1.1 (+https://developers.facebook.com/docs/sharing/webmasters/crawler))"
216.73.216.243 - - [18/Jul/2026:00:58:48 -0700] "GET /shop/?video=xpay69+gizmodo HTTP/2.0" 301 86 "-" "Mozilla/5.0 AppleWebKit/537.36 (KHTML, like Gecko; compatible; ClaudeBot/1.0; +claudebot@anthropic.com)"
216.73.216.243 - - [18/Jul/2026:00:58:48 -0700] "GET /shop/?video=hawkbet+register HTTP/2.0" 301 40 "-" "Mozilla/5.0 AppleWebKit/537.36 (KHTML, like Gecko; compatible; ClaudeBot/1.0; +claudebot@anthropic.com)"
57.141.18.58 - - [18/Jul/2026:00:58:48 -0700] "GET /?l=35397226624 HTTP/2.0" 200 197216 "-" "Mozilla/5.0 (Macintosh; Intel Mac OS X 10_15_7) AppleWebKit/537.36 (KHTML, like Gecko) Chrome/145.0.0.0 Safari/537.36 (compatible; meta-externalagent/1.1 (+https://developers.facebook.com/docs/sharing/webmasters/crawler))"
216.73.216.243 - - [18/Jul/2026:00:58:49 -0700] "GET /shop/?video=zeedslot+slot HTTP/2.0" 301 86 "-" "Mozilla/5.0 AppleWebKit/537.36 (KHTML, like Gecko; compatible; ClaudeBot/1.0; +claudebot@anthropic.com)"
57.141.18.39 - - [18/Jul/2026:00:58:48 -0700] "GET /?z=44563116064 HTTP/2.0" 200 200159 "-" "Mozilla/5.0 (X11; Linux x86_64) AppleWebKit/537.36 (KHTML, like Gecko) Chrome/145.0.0.0 Safari/537.36 (compatible; meta-externalagent/1.1 (+https://developers.facebook.com/docs/sharing/webmasters/crawler))"
216.73.216.243 - - [18/Jul/2026:00:58:49 -0700] "GET /shop/?video=goatx999.th HTTP/2.0" 301 40 "-" "Mozilla/5.0 AppleWebKit/537.36 (KHTML, like Gecko; compatible; ClaudeBot/1.0; +claudebot@anthropic.com)"
74.7.243.196 - - [18/Jul/2026:00:58:49 -0700] "GET /?g=9222867299 HTTP/2.0" 200 26549 "https://cimentarcd.rcdigital.cl/?o=5757846502" "Mozilla/5.0 AppleWebKit/537.36 (KHTML, like Gecko; compatible; GPTBot/1.4; +https://openai.com/gptbot)"
216.73.216.243 - - [18/Jul/2026:00:58:50 -0700] "GET /shop/?video=linebetco HTTP/2.0" 301 86 "-" "Mozilla/5.0 AppleWebKit/537.36 (KHTML, like Gecko; compatible; ClaudeBot/1.0; +claudebot@anthropic.com)"
57.141.18.94 - - [18/Jul/2026:00:58:49 -0700] "GET /?h=30089220398 HTTP/2.0" 200 196540 "-" "Mozilla/5.0 (X11; Linux x86_64) AppleWebKit/537.36 (KHTML, like Gecko) Chrome/145.0.0.0 Safari/537.36 (compatible; meta-externalagent/1.1 (+https://developers.facebook.com/docs/sharing/webmasters/crawler))"
57.141.18.20 - - [18/Jul/2026:00:58:49 -0700] "GET /?h=30089101967 HTTP/2.0" 200 195804 "-" "Mozilla/5.0 (Windows NT 10.0; Win64; x64) AppleWebKit/537.36 (KHTML, like Gecko) Chrome/145.0.0.0 Safari/537.36 (compatible; meta-externalagent/1.1 (+https://developers.facebook.com/docs/sharing/webmasters/crawler))"
216.73.216.243 - - [18/Jul/2026:00:58:50 -0700] "GET /shop/?video=g2gbet HTTP/2.0" 301 40 "-" "Mozilla/5.0 AppleWebKit/537.36 (KHTML, like Gecko; compatible; ClaudeBot/1.0; +claudebot@anthropic.com)"
216.73.216.243 - - [18/Jul/2026:00:58:51 -0700] "GET /shop/?video=venlafaxine HTTP/2.0" 301 86 "-" "Mozilla/5.0 AppleWebKit/537.36 (KHTML, like Gecko; compatible; ClaudeBot/1.0; +claudebot@anthropic.com)"
57.141.18.38 - - [18/Jul/2026:00:58:50 -0700] "GET /?h=4581937814 HTTP/2.0" 200 199349 "-" "Mozilla/5.0 (Windows NT 10.0; Win64; x64) AppleWebKit/537.36 (KHTML, like Gecko) Chrome/145.0.0.0 Safari/537.36 (compatible; meta-externalagent/1.1 (+https://developers.facebook.com/docs/sharing/webmasters/crawler))"
216.73.216.243 - - [18/Jul/2026:00:58:51 -0700] "GET /shop/?video=ufaatm+thai HTTP/2.0" 301 40 "-" "Mozilla/5.0 AppleWebKit/537.36 (KHTML, like Gecko; compatible; ClaudeBot/1.0; +claudebot@anthropic.com)"
57.141.18.13 - - [18/Jul/2026:00:58:51 -0700] "GET /?d=9264120034 HTTP/2.0" 200 195876 "-" "Mozilla/5.0 (Windows NT 10.0; Win64; x64) AppleWebKit/537.36 (KHTML, like Gecko) Chrome/145.0.0.0 Safari/537.36 (compatible; meta-externalagent/1.1 (+https://developers.facebook.com/docs/sharing/webmasters/crawler))"
57.141.18.55 - - [18/Jul/2026:00:58:51 -0700] "GET /?m=93794261935 HTTP/2.0" 200 198166 "-" "Mozilla/5.0 (X11; Linux x86_64) AppleWebKit/537.36 (KHTML, like Gecko) Chrome/145.0.0.0 Safari/537.36 (compatible; meta-externalagent/1.1 (+https://developers.facebook.com/docs/sharing/webmasters/crawler))"
216.73.216.243 - - [18/Jul/2026:00:58:52 -0700] "GET /shop/?video=loki77.casino HTTP/2.0" 301 86 "-" "Mozilla/5.0 AppleWebKit/537.36 (KHTML, like Gecko; compatible; ClaudeBot/1.0; +claudebot@anthropic.com)"
57.141.18.55 - - [18/Jul/2026:00:58:51 -0700] "GET /?j=46861268382 HTTP/2.0" 200 197859 "-" "Mozilla/5.0 (Windows NT 10.0; Win64; x64) AppleWebKit/537.36 (KHTML, like Gecko) Chrome/145.0.0.0 Safari/537.36 (compatible; meta-externalagent/1.1 (+https://developers.facebook.com/docs/sharing/webmasters/crawler))"
216.73.216.243 - - [18/Jul/2026:00:58:52 -0700] "GET /shop/?video=sisa88+login HTTP/2.0" 301 40 "-" "Mozilla/5.0 AppleWebKit/537.36 (KHTML, like Gecko; compatible; ClaudeBot/1.0; +claudebot@anthropic.com)"
216.73.216.243 - - [18/Jul/2026:00:58:53 -0700] "GET /shop/?video=y8xxx HTTP/2.0" 301 86 "-" "Mozilla/5.0 AppleWebKit/537.36 (KHTML, like Gecko; compatible; ClaudeBot/1.0; +claudebot@anthropic.com)"
216.73.216.243 - - [18/Jul/2026:00:58:53 -0700] "GET /shop/?video=king69th.casino HTTP/2.0" 301 40 "-" "Mozilla/5.0 AppleWebKit/537.36 (KHTML, like Gecko; compatible; ClaudeBot/1.0; +claudebot@anthropic.com)"
57.141.18.29 - - [18/Jul/2026:00:58:53 -0700] "GET /?t=14553218542 HTTP/2.0" 200 200269 "-" "Mozilla/5.0 (Macintosh; Intel Mac OS X 10_15_7) AppleWebKit/537.36 (KHTML, like Gecko) Chrome/145.0.0.0 Safari/537.36 (compatible; meta-externalagent/1.1 (+https://developers.facebook.com/docs/sharing/webmasters/crawler))"
57.141.18.17 - - [18/Jul/2026:00:58:53 -0700] "GET /?d=92641112203 HTTP/2.0" 200 200111 "-" "Mozilla/5.0 (Macintosh; Intel Mac OS X 10_15_7) AppleWebKit/537.36 (KHTML, like Gecko) Chrome/145.0.0.0 Safari/537.36 (compatible; meta-externalagent/1.1 (+https://developers.facebook.com/docs/sharing/webmasters/crawler))"
216.73.216.243 - - [18/Jul/2026:00:58:54 -0700] "GET /shop/?video=roar66+slot HTTP/2.0" 301 86 "-" "Mozilla/5.0 AppleWebKit/537.36 (KHTML, like Gecko; compatible; ClaudeBot/1.0; +claudebot@anthropic.com)"
216.73.216.243 - - [18/Jul/2026:00:58:54 -0700] "GET /shop/?video=easygamepg88bet HTTP/2.0" 301 40 "-" "Mozilla/5.0 AppleWebKit/537.36 (KHTML, like Gecko; compatible; ClaudeBot/1.0; +claudebot@anthropic.com)"
57.141.18.23 - - [18/Jul/2026:00:58:54 -0700] "GET /?l=35397110882 HTTP/2.0" 200 200101 "-" "Mozilla/5.0 (Macintosh; Intel Mac OS X 10_15_7) AppleWebKit/537.36 (KHTML, like Gecko) Chrome/145.0.0.0 Safari/537.36 (compatible; meta-externalagent/1.1 (+https://developers.facebook.com/docs/sharing/webmasters/crawler))"
216.73.216.243 - - [18/Jul/2026:00:58:55 -0700] "GET /shop/?video=www+w88+com HTTP/2.0" 301 86 "-" "Mozilla/5.0 AppleWebKit/537.36 (KHTML, like Gecko; compatible; ClaudeBot/1.0; +claudebot@anthropic.com)"
57.141.18.51 - - [18/Jul/2026:00:58:54 -0700] "GET /?l=35397208200 HTTP/2.0" 200 198685 "-" "Mozilla/5.0 (Macintosh; Intel Mac OS X 10_15_7) AppleWebKit/537.36 (KHTML, like Gecko) Chrome/145.0.0.0 Safari/537.36 (compatible; meta-externalagent/1.1 (+https://developers.facebook.com/docs/sharing/webmasters/crawler))"
216.73.216.243 - - [18/Jul/2026:00:58:55 -0700] "GET /shop/?video=1xbetth HTTP/2.0" 301 40 "-" "Mozilla/5.0 AppleWebKit/537.36 (KHTML, like Gecko; compatible; ClaudeBot/1.0; +claudebot@anthropic.com)"
57.141.18.8 - - [18/Jul/2026:00:58:55 -0700] "GET /?j=4686150082 HTTP/2.0" 200 197948 "-" "Mozilla/5.0 (Macintosh; Intel Mac OS X 10_15_7) AppleWebKit/537.36 (KHTML, like Gecko) Chrome/145.0.0.0 Safari/537.36 (compatible; meta-externalagent/1.1 (+https://developers.facebook.com/docs/sharing/webmasters/crawler))"
57.141.18.21 - - [18/Jul/2026:00:58:55 -0700] "GET /?j=46861219604 HTTP/2.0" 200 197665 "-" "Mozilla/5.0 (Windows NT 10.0; Win64; x64) AppleWebKit/537.36 (KHTML, like Gecko) Chrome/145.0.0.0 Safari/537.36 (compatible; meta-externalagent/1.1 (+https://developers.facebook.com/docs/sharing/webmasters/crawler))"
57.141.18.113 - - [18/Jul/2026:00:58:55 -0700] "GET /?h=45819263946 HTTP/2.0" 200 195906 "-" "Mozilla/5.0 (Windows NT 10.0; Win64; x64) AppleWebKit/537.36 (KHTML, like Gecko) Chrome/145.0.0.0 Safari/537.36 (compatible; meta-externalagent/1.1 (+https://developers.facebook.com/docs/sharing/webmasters/crawler))"
216.73.216.243 - - [18/Jul/2026:00:58:56 -0700] "GET /shop/?video=m4x+gizmodo HTTP/2.0" 301 86 "-" "Mozilla/5.0 AppleWebKit/537.36 (KHTML, like Gecko; compatible; ClaudeBot/1.0; +claudebot@anthropic.com)"
216.73.216.243 - - [18/Jul/2026:00:58:56 -0700] "GET /shop/?video=game6666vip HTTP/2.0" 301 40 "-" "Mozilla/5.0 AppleWebKit/537.36 (KHTML, like Gecko; compatible; ClaudeBot/1.0; +claudebot@anthropic.com)"
216.73.216.243 - - [18/Jul/2026:00:58:57 -0700] "GET /shop/?video=pk789+thai HTTP/2.0" 301 86 "-" "Mozilla/5.0 AppleWebKit/537.36 (KHTML, like Gecko; compatible; ClaudeBot/1.0; +claudebot@anthropic.com)"
57.141.18.115 - - [18/Jul/2026:00:58:56 -0700] "GET /?d=92641229843 HTTP/2.0" 200 196510 "-" "Mozilla/5.0 (Windows NT 10.0; Win64; x64) AppleWebKit/537.36 (KHTML, like Gecko) Chrome/145.0.0.0 Safari/537.36 (compatible; meta-externalagent/1.1 (+https://developers.facebook.com/docs/sharing/webmasters/crawler))"
57.141.18.40 - - [18/Jul/2026:00:58:56 -0700] "GET /?h=4581950944 HTTP/2.0" 200 201239 "-" "Mozilla/5.0 (Windows NT 10.0; Win64; x64) AppleWebKit/537.36 (KHTML, like Gecko) Chrome/145.0.0.0 Safari/537.36 (compatible; meta-externalagent/1.1 (+https://developers.facebook.com/docs/sharing/webmasters/crawler))"
216.73.216.243 - - [18/Jul/2026:00:58:57 -0700] "GET /shop/?video=m4play+PGSOFT HTTP/2.0" 301 40 "-" "Mozilla/5.0 AppleWebKit/537.36 (KHTML, like Gecko; compatible; ClaudeBot/1.0; +claudebot@anthropic.com)"
216.73.216.243 - - [18/Jul/2026:00:58:58 -0700] "GET /shop/?video=marvelbetme HTTP/2.0" 301 86 "-" "Mozilla/5.0 AppleWebKit/537.36 (KHTML, like Gecko; compatible; ClaudeBot/1.0; +claudebot@anthropic.com)"
57.141.18.66 - - [18/Jul/2026:00:58:57 -0700] "GET /?g=92228163877 HTTP/2.0" 200 198398 "-" "Mozilla/5.0 (Windows NT 10.0; Win64; x64) AppleWebKit/537.36 (KHTML, like Gecko) Chrome/145.0.0.0 Safari/537.36 (compatible; meta-externalagent/1.1 (+https://developers.facebook.com/docs/sharing/webmasters/crawler))"
74.7.243.196 - - [18/Jul/2026:00:58:57 -0700] "GET /?g=9222821926 HTTP/2.0" 200 26995 "https://cimentarcd.rcdigital.cl/?h=3008959016" "Mozilla/5.0 AppleWebKit/537.36 (KHTML, like Gecko; compatible; GPTBot/1.4; +https://openai.com/gptbot)"
57.141.18.61 - - [18/Jul/2026:00:58:57 -0700] "GET /?t=1455393987 HTTP/2.0" 200 197004 "-" "Mozilla/5.0 (Macintosh; Intel Mac OS X 10_15_7) AppleWebKit/537.36 (KHTML, like Gecko) Chrome/145.0.0.0 Safari/537.36 (compatible; meta-externalagent/1.1 (+https://developers.facebook.com/docs/sharing/webmasters/crawler))"
216.73.216.243 - - [18/Jul/2026:00:58:58 -0700] "GET /shop/?video=777th+PGSOFT HTTP/2.0" 301 40 "-" "Mozilla/5.0 AppleWebKit/537.36 (KHTML, like Gecko; compatible; ClaudeBot/1.0; +claudebot@anthropic.com)"
216.73.216.243 - - [18/Jul/2026:00:58:59 -0700] "GET /shop/?video=Megawinslot HTTP/2.0" 301 86 "-" "Mozilla/5.0 AppleWebKit/537.36 (KHTML, like Gecko; compatible; ClaudeBot/1.0; +claudebot@anthropic.com)"
57.141.18.62 - - [18/Jul/2026:00:58:58 -0700] "GET /?z=44563206311 HTTP/2.0" 200 197929 "-" "Mozilla/5.0 (Windows NT 10.0; Win64; x64) AppleWebKit/537.36 (KHTML, like Gecko) Chrome/145.0.0.0 Safari/537.36 (compatible; meta-externalagent/1.1 (+https://developers.facebook.com/docs/sharing/webmasters/crawler))"
216.73.216.243 - - [18/Jul/2026:00:58:59 -0700] "GET /shop/?video=xo555+vip HTTP/2.0" 301 40 "-" "Mozilla/5.0 AppleWebKit/537.36 (KHTML, like Gecko; compatible; ClaudeBot/1.0; +claudebot@anthropic.com)"
57.141.18.2 - - [18/Jul/2026:00:58:59 -0700] "GET /?z=44563205609 HTTP/2.0" 200 200494 "-" "Mozilla/5.0 (Windows NT 10.0; Win64; x64) AppleWebKit/537.36 (KHTML, like Gecko) Chrome/145.0.0.0 Safari/537.36 (compatible; meta-externalagent/1.1 (+https://developers.facebook.com/docs/sharing/webmasters/crawler))"
216.73.216.243 - - [18/Jul/2026:00:59:00 -0700] "GET /shop/?video=data88bet+gizmodo HTTP/2.0" 301 86 "-" "Mozilla/5.0 AppleWebKit/537.36 (KHTML, like Gecko; compatible; ClaudeBot/1.0; +claudebot@anthropic.com)"
57.141.18.55 - - [18/Jul/2026:00:58:59 -0700] "GET /?t=14553103619 HTTP/2.0" 200 198731 "-" "Mozilla/5.0 (Windows NT 10.0; Win64; x64) AppleWebKit/537.36 (KHTML, like Gecko) Chrome/145.0.0.0 Safari/537.36 (compatible; meta-externalagent/1.1 (+https://developers.facebook.com/docs/sharing/webmasters/crawler))"
216.73.216.243 - - [18/Jul/2026:00:59:00 -0700] "GET /shop/?video=bigwinauto+th HTTP/2.0" 301 40 "-" "Mozilla/5.0 AppleWebKit/537.36 (KHTML, like Gecko; compatible; ClaudeBot/1.0; +claudebot@anthropic.com)"
57.141.18.67 - - [18/Jul/2026:00:59:00 -0700] "GET /?h=45819159473 HTTP/2.0" 200 198087 "-" "Mozilla/5.0 (Macintosh; Intel Mac OS X 10_15_7) AppleWebKit/537.36 (KHTML, like Gecko) Chrome/145.0.0.0 Safari/537.36 (compatible; meta-externalagent/1.1 (+https://developers.facebook.com/docs/sharing/webmasters/crawler))"
216.73.216.243 - - [18/Jul/2026:00:59:01 -0700] "GET /shop/?video=w299+true HTTP/2.0" 301 86 "-" "Mozilla/5.0 AppleWebKit/537.36 (KHTML, like Gecko; compatible; ClaudeBot/1.0; +claudebot@anthropic.com)"
57.141.18.94 - - [18/Jul/2026:00:59:00 -0700] "GET /?m=93794277009 HTTP/2.0" 200 199837 "-" "Mozilla/5.0 (X11; Linux x86_64) AppleWebKit/537.36 (KHTML, like Gecko) Chrome/145.0.0.0 Safari/537.36 (compatible; meta-externalagent/1.1 (+https://developers.facebook.com/docs/sharing/webmasters/crawler))"
57.141.18.64 - - [18/Jul/2026:00:59:00 -0700] "GET /?j=46861232274 HTTP/2.0" 200 199274 "-" "Mozilla/5.0 (Windows NT 10.0; Win64; x64) AppleWebKit/537.36 (KHTML, like Gecko) Chrome/145.0.0.0 Safari/537.36 (compatible; meta-externalagent/1.1 (+https://developers.facebook.com/docs/sharing/webmasters/crawler))"
216.73.216.243 - - [18/Jul/2026:00:59:01 -0700] "GET /shop/?video=siam%40siam HTTP/2.0" 301 40 "-" "Mozilla/5.0 AppleWebKit/537.36 (KHTML, like Gecko; compatible; ClaudeBot/1.0; +claudebot@anthropic.com)"
57.141.18.123 - - [18/Jul/2026:00:59:01 -0700] "GET /?g=92228269856 HTTP/2.0" 200 196024 "-" "Mozilla/5.0 (Windows NT 10.0; Win64; x64) AppleWebKit/537.36 (KHTML, like Gecko) Chrome/145.0.0.0 Safari/537.36 (compatible; meta-externalagent/1.1 (+https://developers.facebook.com/docs/sharing/webmasters/crawler))"
57.141.18.64 - - [18/Jul/2026:00:59:01 -0700] "GET /?z=44563164499 HTTP/2.0" 200 197804 "-" "Mozilla/5.0 (Windows NT 10.0; Win64; x64) AppleWebKit/537.36 (KHTML, like Gecko) Chrome/145.0.0.0 Safari/537.36 (compatible; meta-externalagent/1.1 (+https://developers.facebook.com/docs/sharing/webmasters/crawler))"
216.73.216.243 - - [18/Jul/2026:00:59:02 -0700] "GET /shop/?video=www.8888 HTTP/2.0" 301 86 "-" "Mozilla/5.0 AppleWebKit/537.36 (KHTML, like Gecko; compatible; ClaudeBot/1.0; +claudebot@anthropic.com)"
216.73.216.243 - - [18/Jul/2026:00:59:02 -0700] "GET /shop/?video=allbet+ABL HTTP/2.0" 301 40 "-" "Mozilla/5.0 AppleWebKit/537.36 (KHTML, like Gecko; compatible; ClaudeBot/1.0; +claudebot@anthropic.com)"
216.73.216.243 - - [18/Jul/2026:00:59:03 -0700] "GET /shop/?video=v4clubth HTTP/2.0" 301 86 "-" "Mozilla/5.0 AppleWebKit/537.36 (KHTML, like Gecko; compatible; ClaudeBot/1.0; +claudebot@anthropic.com)"
57.141.18.49 - - [18/Jul/2026:00:59:02 -0700] "GET /?h=45819265428 HTTP/2.0" 200 199391 "-" "Mozilla/5.0 (Windows NT 10.0; Win64; x64) AppleWebKit/537.36 (KHTML, like Gecko) Chrome/145.0.0.0 Safari/537.36 (compatible; meta-externalagent/1.1 (+https://developers.facebook.com/docs/sharing/webmasters/crawler))"
57.141.18.77 - - [18/Jul/2026:00:59:02 -0700] "GET /?m=93794150029 HTTP/2.0" 200 198703 "-" "Mozilla/5.0 (Windows NT 10.0; Win64; x64) AppleWebKit/537.36 (KHTML, like Gecko) Chrome/145.0.0.0 Safari/537.36 (compatible; meta-externalagent/1.1 (+https://developers.facebook.com/docs/sharing/webmasters/crawler))"
216.73.216.243 - - [18/Jul/2026:00:59:03 -0700] "GET /shop/?video=god55th+PGSOFT HTTP/2.0" 301 40 "-" "Mozilla/5.0 AppleWebKit/537.36 (KHTML, like Gecko; compatible; ClaudeBot/1.0; +claudebot@anthropic.com)"
216.73.216.243 - - [18/Jul/2026:00:59:04 -0700] "GET /shop/?video=kingcobra88vip HTTP/2.0" 301 86 "-" "Mozilla/5.0 AppleWebKit/537.36 (KHTML, like Gecko; compatible; ClaudeBot/1.0; +claudebot@anthropic.com)"
57.141.18.31 - - [18/Jul/2026:00:59:03 -0700] "GET /?d=926411650 HTTP/2.0" 200 195463 "-" "Mozilla/5.0 (Windows NT 10.0; Win64; x64) AppleWebKit/537.36 (KHTML, like Gecko) Chrome/145.0.0.0 Safari/537.36 (compatible; meta-externalagent/1.1 (+https://developers.facebook.com/docs/sharing/webmasters/crawler))"
216.73.216.243 - - [18/Jul/2026:00:59:04 -0700] "GET /shop/?video=pg+slot+saiboon HTTP/2.0" 301 40 "-" "Mozilla/5.0 AppleWebKit/537.36 (KHTML, like Gecko; compatible; ClaudeBot/1.0; +claudebot@anthropic.com)"
57.141.18.38 - - [18/Jul/2026:00:59:04 -0700] "GET /?h=45819152644 HTTP/2.0" 200 198511 "-" "Mozilla/5.0 (Macintosh; Intel Mac OS X 10_15_7) AppleWebKit/537.36 (KHTML, like Gecko) Chrome/145.0.0.0 Safari/537.36 (compatible; meta-externalagent/1.1 (+https://developers.facebook.com/docs/sharing/webmasters/crawler))"
57.141.18.12 - - [18/Jul/2026:00:59:04 -0700] "GET /?j=46861129144 HTTP/2.0" 200 199814 "-" "Mozilla/5.0 (Macintosh; Intel Mac OS X 10_15_7) AppleWebKit/537.36 (KHTML, like Gecko) Chrome/145.0.0.0 Safari/537.36 (compatible; meta-externalagent/1.1 (+https://developers.facebook.com/docs/sharing/webmasters/crawler))"
216.73.216.243 - - [18/Jul/2026:00:59:05 -0700] "GET /shop/?video=pgduck+pantip HTTP/2.0" 301 86 "-" "Mozilla/5.0 AppleWebKit/537.36 (KHTML, like Gecko; compatible; ClaudeBot/1.0; +claudebot@anthropic.com)"
57.141.18.21 - - [18/Jul/2026:00:59:04 -0700] "GET /?h=45819158383 HTTP/2.0" 200 195901 "-" "Mozilla/5.0 (Windows NT 10.0; Win64; x64) AppleWebKit/537.36 (KHTML, like Gecko) Chrome/145.0.0.0 Safari/537.36 (compatible; meta-externalagent/1.1 (+https://developers.facebook.com/docs/sharing/webmasters/crawler))"
216.73.216.243 - - [18/Jul/2026:00:59:05 -0700] "GET /shop/?video=bkkslot+register HTTP/2.0" 301 40 "-" "Mozilla/5.0 AppleWebKit/537.36 (KHTML, like Gecko; compatible; ClaudeBot/1.0; +claudebot@anthropic.com)"
57.141.18.24 - - [18/Jul/2026:00:59:05 -0700] "GET /?h=300891512 HTTP/2.0" 200 201616 "-" "Mozilla/5.0 (Macintosh; Intel Mac OS X 10_15_7) AppleWebKit/537.36 (KHTML, like Gecko) Chrome/145.0.0.0 Safari/537.36 (compatible; meta-externalagent/1.1 (+https://developers.facebook.com/docs/sharing/webmasters/crawler))"
216.73.216.243 - - [18/Jul/2026:00:59:06 -0700] "GET /shop/?video=khongthae.bet HTTP/2.0" 301 86 "-" "Mozilla/5.0 AppleWebKit/537.36 (KHTML, like Gecko; compatible; ClaudeBot/1.0; +claudebot@anthropic.com)"
74.7.243.196 - - [18/Jul/2026:00:59:05 -0700] "GET /?g=9222826822 HTTP/2.0" 200 27489 "https://cimentarcd.rcdigital.cl/?o=57578233465" "Mozilla/5.0 AppleWebKit/537.36 (KHTML, like Gecko; compatible; GPTBot/1.4; +https://openai.com/gptbot)"
57.141.18.97 - - [18/Jul/2026:00:59:05 -0700] "GET /?d=92641205720 HTTP/2.0" 200 200050 "-" "Mozilla/5.0 (X11; Linux x86_64) AppleWebKit/537.36 (KHTML, like Gecko) Chrome/145.0.0.0 Safari/537.36 (compatible; meta-externalagent/1.1 (+https://developers.facebook.com/docs/sharing/webmasters/crawler))"
57.141.18.45 - - [18/Jul/2026:00:59:05 -0700] "GET /?j=46861271534 HTTP/2.0" 200 198418 "-" "Mozilla/5.0 (Macintosh; Intel Mac OS X 10_15_7) AppleWebKit/537.36 (KHTML, like Gecko) Chrome/145.0.0.0 Safari/537.36 (compatible; meta-externalagent/1.1 (+https://developers.facebook.com/docs/sharing/webmasters/crawler))"
216.73.216.243 - - [18/Jul/2026:00:59:06 -0700] "GET /shop/?video=jdbthai.bet HTTP/2.0" 301 40 "-" "Mozilla/5.0 AppleWebKit/537.36 (KHTML, like Gecko; compatible; ClaudeBot/1.0; +claudebot@anthropic.com)"
216.73.216.243 - - [18/Jul/2026:00:59:07 -0700] "GET /shop/?video=nasagame.casino HTTP/2.0" 301 86 "-" "Mozilla/5.0 AppleWebKit/537.36 (KHTML, like Gecko; compatible; ClaudeBot/1.0; +claudebot@anthropic.com)"
57.141.18.113 - - [18/Jul/2026:00:59:06 -0700] "GET /?h=30089188221 HTTP/2.0" 200 198354 "-" "Mozilla/5.0 (Macintosh; Intel Mac OS X 10_15_7) AppleWebKit/537.36 (KHTML, like Gecko) Chrome/145.0.0.0 Safari/537.36 (compatible; meta-externalagent/1.1 (+https://developers.facebook.com/docs/sharing/webmasters/crawler))"
216.73.216.243 - - [18/Jul/2026:00:59:07 -0700] "GET /shop/?video=power65.bet HTTP/2.0" 301 40 "-" "Mozilla/5.0 AppleWebKit/537.36 (KHTML, like Gecko; compatible; ClaudeBot/1.0; +claudebot@anthropic.com)"
57.141.18.25 - - [18/Jul/2026:00:59:07 -0700] "GET /?t=14553158766 HTTP/2.0" 200 198777 "-" "Mozilla/5.0 (Macintosh; Intel Mac OS X 10_15_7) AppleWebKit/537.36 (KHTML, like Gecko) Chrome/145.0.0.0 Safari/537.36 (compatible; meta-externalagent/1.1 (+https://developers.facebook.com/docs/sharing/webmasters/crawler))"
216.73.216.243 - - [18/Jul/2026:00:59:08 -0700] "GET /shop/?video=sexygame+true HTTP/2.0" 301 86 "-" "Mozilla/5.0 AppleWebKit/537.36 (KHTML, like Gecko; compatible; ClaudeBot/1.0; +claudebot@anthropic.com)"
57.141.18.35 - - [18/Jul/2026:00:59:07 -0700] "GET /?z=44563114917 HTTP/2.0" 200 198746 "-" "Mozilla/5.0 (Windows NT 10.0; Win64; x64) AppleWebKit/537.36 (KHTML, like Gecko) Chrome/145.0.0.0 Safari/537.36 (compatible; meta-externalagent/1.1 (+https://developers.facebook.com/docs/sharing/webmasters/crawler))"
57.141.18.94 - - [18/Jul/2026:00:59:07 -0700] "GET /?o=57578171076 HTTP/2.0" 200 198026 "-" "Mozilla/5.0 (Macintosh; Intel Mac OS X 10_15_7) AppleWebKit/537.36 (KHTML, like Gecko) Chrome/145.0.0.0 Safari/537.36 (compatible; meta-externalagent/1.1 (+https://developers.facebook.com/docs/sharing/webmasters/crawler))"
216.73.216.243 - - [18/Jul/2026:00:59:08 -0700] "GET /shop/?video=pxjth.casino HTTP/2.0" 301 40 "-" "Mozilla/5.0 AppleWebKit/537.36 (KHTML, like Gecko; compatible; ClaudeBot/1.0; +claudebot@anthropic.com)"
57.141.18.72 - - [18/Jul/2026:00:59:08 -0700] "GET /?g=92228155084 HTTP/2.0" 200 198183 "-" "Mozilla/5.0 (Macintosh; Intel Mac OS X 10_15_7) AppleWebKit/537.36 (KHTML, like Gecko) Chrome/145.0.0.0 Safari/537.36 (compatible; meta-externalagent/1.1 (+https://developers.facebook.com/docs/sharing/webmasters/crawler))"
216.73.216.243 - - [18/Jul/2026:00:59:09 -0700] "GET /shop/?video=wowslot369th HTTP/2.0" 301 86 "-" "Mozilla/5.0 AppleWebKit/537.36 (KHTML, like Gecko; compatible; ClaudeBot/1.0; +claudebot@anthropic.com)"
216.73.216.243 - - [18/Jul/2026:00:59:09 -0700] "GET /shop/?video=lotto38.me HTTP/2.0" 301 52 "-" "Mozilla/5.0 AppleWebKit/537.36 (KHTML, like Gecko; compatible; ClaudeBot/1.0; +claudebot@anthropic.com)"
57.141.18.61 - - [18/Jul/2026:00:59:09 -0700] "GET /?m=93794264642 HTTP/2.0" 200 196298 "-" "Mozilla/5.0 (Windows NT 10.0; Win64; x64) AppleWebKit/537.36 (KHTML, like Gecko) Chrome/145.0.0.0 Safari/537.36 (compatible; meta-externalagent/1.1 (+https://developers.facebook.com/docs/sharing/webmasters/crawler))"
216.73.216.243 - - [18/Jul/2026:00:59:10 -0700] "GET /shop/?video=play+game+888 HTTP/2.0" 301 120 "-" "Mozilla/5.0 AppleWebKit/537.36 (KHTML, like Gecko; compatible; ClaudeBot/1.0; +claudebot@anthropic.com)"
57.141.18.19 - - [18/Jul/2026:00:59:09 -0700] "GET /?z=445632925 HTTP/2.0" 200 202486 "-" "Mozilla/5.0 (Windows NT 10.0; Win64; x64) AppleWebKit/537.36 (KHTML, like Gecko) Chrome/145.0.0.0 Safari/537.36 (compatible; meta-externalagent/1.1 (+https://developers.facebook.com/docs/sharing/webmasters/crawler))"
57.141.18.5 - - [18/Jul/2026:00:59:09 -0700] "GET /?l=35397207321 HTTP/2.0" 200 196391 "-" "Mozilla/5.0 (Macintosh; Intel Mac OS X 10_15_7) AppleWebKit/537.36 (KHTML, like Gecko) Chrome/145.0.0.0 Safari/537.36 (compatible; meta-externalagent/1.1 (+https://developers.facebook.com/docs/sharing/webmasters/crawler))"
216.73.216.243 - - [18/Jul/2026:00:59:10 -0700] "GET /shop/?video=nexbet+pg HTTP/2.0" 301 40 "-" "Mozilla/5.0 AppleWebKit/537.36 (KHTML, like Gecko; compatible; ClaudeBot/1.0; +claudebot@anthropic.com)"
216.73.216.243 - - [18/Jul/2026:00:59:11 -0700] "GET /shop/?video=moopanda888.bet HTTP/2.0" 301 86 "-" "Mozilla/5.0 AppleWebKit/537.36 (KHTML, like Gecko; compatible; ClaudeBot/1.0; +claudebot@anthropic.com)"
57.141.18.123 - - [18/Jul/2026:00:59:10 -0700] "GET /?d=92641114249 HTTP/2.0" 200 198024 "-" "Mozilla/5.0 (Windows NT 10.0; Win64; x64) AppleWebKit/537.36 (KHTML, like Gecko) Chrome/145.0.0.0 Safari/537.36 (compatible; meta-externalagent/1.1 (+https://developers.facebook.com/docs/sharing/webmasters/crawler))"
216.73.216.243 - - [18/Jul/2026:00:59:11 -0700] "GET /shop/?video=pgslot80+login HTTP/2.0" 301 40 "-" "Mozilla/5.0 AppleWebKit/537.36 (KHTML, like Gecko; compatible; ClaudeBot/1.0; +claudebot@anthropic.com)"
57.141.18.4 - - [18/Jul/2026:00:59:11 -0700] "GET /?h=30089109331 HTTP/2.0" 200 198445 "-" "Mozilla/5.0 (Macintosh; Intel Mac OS X 10_15_7) AppleWebKit/537.36 (KHTML, like Gecko) Chrome/145.0.0.0 Safari/537.36 (compatible; meta-externalagent/1.1 (+https://developers.facebook.com/docs/sharing/webmasters/crawler))"
57.141.18.65 - - [18/Jul/2026:00:59:11 -0700] "GET /?m=9379450691 HTTP/2.0" 200 198338 "-" "Mozilla/5.0 (Windows NT 10.0; Win64; x64) AppleWebKit/537.36 (KHTML, like Gecko) Chrome/145.0.0.0 Safari/537.36 (compatible; meta-externalagent/1.1 (+https://developers.facebook.com/docs/sharing/webmasters/crawler))"
216.73.216.243 - - [18/Jul/2026:00:59:12 -0700] "GET /shop/?video=joker90thai HTTP/2.0" 301 86 "-" "Mozilla/5.0 AppleWebKit/537.36 (KHTML, like Gecko; compatible; ClaudeBot/1.0; +claudebot@anthropic.com)"
216.73.216.243 - - [18/Jul/2026:00:59:12 -0700] "GET /shop/?video=ib8+slot HTTP/2.0" 301 40 "-" "Mozilla/5.0 AppleWebKit/537.36 (KHTML, like Gecko; compatible; ClaudeBot/1.0; +claudebot@anthropic.com)"
57.141.18.36 - - [18/Jul/2026:00:59:12 -0700] "GET /?d=92641211336 HTTP/2.0" 200 199207 "-" "Mozilla/5.0 (Windows NT 10.0; Win64; x64) AppleWebKit/537.36 (KHTML, like Gecko) Chrome/145.0.0.0 Safari/537.36 (compatible; meta-externalagent/1.1 (+https://developers.facebook.com/docs/sharing/webmasters/crawler))"
57.141.18.92 - - [18/Jul/2026:00:59:12 -0700] "GET /?o=5757853780 HTTP/2.0" 200 197600 "-" "Mozilla/5.0 (Macintosh; Intel Mac OS X 10_15_7) AppleWebKit/537.36 (KHTML, like Gecko) Chrome/145.0.0.0 Safari/537.36 (compatible; meta-externalagent/1.1 (+https://developers.facebook.com/docs/sharing/webmasters/crawler))"
216.73.216.243 - - [18/Jul/2026:00:59:13 -0700] "GET /shop/?video=joker168+ABL HTTP/2.0" 301 86 "-" "Mozilla/5.0 AppleWebKit/537.36 (KHTML, like Gecko; compatible; ClaudeBot/1.0; +claudebot@anthropic.com)"
74.7.243.196 - - [18/Jul/2026:00:59:13 -0700] "GET /?j=46861112114 HTTP/2.0" 200 25538 "https://cimentarcd.rcdigital.cl/?m=9379492606" "Mozilla/5.0 AppleWebKit/537.36 (KHTML, like Gecko; compatible; GPTBot/1.4; +https://openai.com/gptbot)"
216.73.216.243 - - [18/Jul/2026:00:59:13 -0700] "GET /shop/?video=krabi+tour HTTP/2.0" 301 40 "-" "Mozilla/5.0 AppleWebKit/537.36 (KHTML, like Gecko; compatible; ClaudeBot/1.0; +claudebot@anthropic.com)"
57.141.18.77 - - [18/Jul/2026:00:59:13 -0700] "GET /?h=3008998181 HTTP/2.0" 200 196897 "-" "Mozilla/5.0 (Macintosh; Intel Mac OS X 10_15_7) AppleWebKit/537.36 (KHTML, like Gecko) Chrome/145.0.0.0 Safari/537.36 (compatible; meta-externalagent/1.1 (+https://developers.facebook.com/docs/sharing/webmasters/crawler))"
216.73.216.243 - - [18/Jul/2026:00:59:14 -0700] "GET /shop/?video=fookbet88.net HTTP/2.0" 301 86 "-" "Mozilla/5.0 AppleWebKit/537.36 (KHTML, like Gecko; compatible; ClaudeBot/1.0; +claudebot@anthropic.com)"
57.141.18.124 - - [18/Jul/2026:00:59:13 -0700] "GET /?h=30089132108 HTTP/2.0" 200 199209 "-" "Mozilla/5.0 (Windows NT 10.0; Win64; x64) AppleWebKit/537.36 (KHTML, like Gecko) Chrome/145.0.0.0 Safari/537.36 (compatible; meta-externalagent/1.1 (+https://developers.facebook.com/docs/sharing/webmasters/crawler))"
216.73.216.243 - - [18/Jul/2026:00:59:14 -0700] "GET /shop/?video=slotjoker+com HTTP/2.0" 301 40 "-" "Mozilla/5.0 AppleWebKit/537.36 (KHTML, like Gecko; compatible; ClaudeBot/1.0; +claudebot@anthropic.com)"
57.141.18.35 - - [18/Jul/2026:00:59:14 -0700] "GET /?h=30089211573 HTTP/2.0" 200 195607 "-" "Mozilla/5.0 (Windows NT 10.0; Win64; x64) AppleWebKit/537.36 (KHTML, like Gecko) Chrome/145.0.0.0 Safari/537.36 (compatible; meta-externalagent/1.1 (+https://developers.facebook.com/docs/sharing/webmasters/crawler))"
57.141.18.1 - - [18/Jul/2026:00:59:14 -0700] "GET /?j=46861163909 HTTP/2.0" 200 197473 "-" "Mozilla/5.0 (Windows NT 10.0; Win64; x64) AppleWebKit/537.36 (KHTML, like Gecko) Chrome/145.0.0.0 Safari/537.36 Edg/145.0.0.0 (compatible; meta-externalagent/1.1 (+https://developers.facebook.com/docs/sharing/webmasters/crawler))"
57.141.18.63 - - [18/Jul/2026:00:59:14 -0700] "GET /?h=45819267362 HTTP/2.0" 200 198631 "-" "Mozilla/5.0 (Windows NT 10.0; Win64; x64) AppleWebKit/537.36 (KHTML, like Gecko) Chrome/145.0.0.0 Safari/537.36 (compatible; meta-externalagent/1.1 (+https://developers.facebook.com/docs/sharing/webmasters/crawler))"
216.73.216.243 - - [18/Jul/2026:00:59:15 -0700] "GET /shop/?video=usa1688+true HTTP/2.0" 301 86 "-" "Mozilla/5.0 AppleWebKit/537.36 (KHTML, like Gecko; compatible; ClaudeBot/1.0; +claudebot@anthropic.com)"
216.73.216.243 - - [18/Jul/2026:00:59:15 -0700] "GET /shop/?video=skyline888.casino HTTP/2.0" 301 40 "-" "Mozilla/5.0 AppleWebKit/537.36 (KHTML, like Gecko; compatible; ClaudeBot/1.0; +claudebot@anthropic.com)"
216.73.216.243 - - [18/Jul/2026:00:59:16 -0700] "GET /shop/?video=slotwallet+true HTTP/2.0" 301 86 "-" "Mozilla/5.0 AppleWebKit/537.36 (KHTML, like Gecko; compatible; ClaudeBot/1.0; +claudebot@anthropic.com)"
57.141.18.5 - - [18/Jul/2026:00:59:15 -0700] "GET /?j=46861153845 HTTP/2.0" 200 197778 "-" "Mozilla/5.0 (Macintosh; Intel Mac OS X 10_15_7) AppleWebKit/537.36 (KHTML, like Gecko) Chrome/145.0.0.0 Safari/537.36 (compatible; meta-externalagent/1.1 (+https://developers.facebook.com/docs/sharing/webmasters/crawler))"
216.73.216.243 - - [18/Jul/2026:00:59:16 -0700] "GET /shop/?video=goalinth+thai HTTP/2.0" 301 40 "-" "Mozilla/5.0 AppleWebKit/537.36 (KHTML, like Gecko; compatible; ClaudeBot/1.0; +claudebot@anthropic.com)"
57.141.18.102 - - [18/Jul/2026:00:59:16 -0700] "GET /?t=1455398840 HTTP/2.0" 200 199441 "-" "Mozilla/5.0 (Macintosh; Intel Mac OS X 10_15_7) AppleWebKit/537.36 (KHTML, like Gecko) Chrome/145.0.0.0 Safari/537.36 (compatible; meta-externalagent/1.1 (+https://developers.facebook.com/docs/sharing/webmasters/crawler))"
57.141.18.81 - - [18/Jul/2026:00:59:16 -0700] "GET /?o=57578176636 HTTP/2.0" 200 198609 "-" "Mozilla/5.0 (Macintosh; Intel Mac OS X 10_15_7) AppleWebKit/537.36 (KHTML, like Gecko) Chrome/145.0.0.0 Safari/537.36 (compatible; meta-externalagent/1.1 (+https://developers.facebook.com/docs/sharing/webmasters/crawler))"
216.73.216.243 - - [18/Jul/2026:00:59:17 -0700] "GET /shop/?video=g168bet+com HTTP/2.0" 301 86 "-" "Mozilla/5.0 AppleWebKit/537.36 (KHTML, like Gecko; compatible; ClaudeBot/1.0; +claudebot@anthropic.com)"
57.141.18.72 - - [18/Jul/2026:00:59:16 -0700] "GET /?l=35397208584 HTTP/2.0" 200 196235 "-" "Mozilla/5.0 (Macintosh; Intel Mac OS X 10_15_7) AppleWebKit/537.36 (KHTML, like Gecko) Chrome/145.0.0.0 Safari/537.36 (compatible; meta-externalagent/1.1 (+https://developers.facebook.com/docs/sharing/webmasters/crawler))"
216.73.216.243 - - [18/Jul/2026:00:59:17 -0700] "GET /shop/?video=voltxgame.casino HTTP/2.0" 301 40 "-" "Mozilla/5.0 AppleWebKit/537.36 (KHTML, like Gecko; compatible; ClaudeBot/1.0; +claudebot@anthropic.com)"
57.141.18.39 - - [18/Jul/2026:00:59:17 -0700] "GET /?o=5757858462 HTTP/2.0" 200 199261 "-" "Mozilla/5.0 (Windows NT 10.0; Win64; x64) AppleWebKit/537.36 (KHTML, like Gecko) Chrome/145.0.0.0 Safari/537.36 (compatible; meta-externalagent/1.1 (+https://developers.facebook.com/docs/sharing/webmasters/crawler))"
216.73.216.243 - - [18/Jul/2026:00:59:18 -0700] "GET /shop/?video=pg444th+thailand HTTP/2.0" 301 86 "-" "Mozilla/5.0 AppleWebKit/537.36 (KHTML, like Gecko; compatible; ClaudeBot/1.0; +claudebot@anthropic.com)"
57.141.18.41 - - [18/Jul/2026:00:59:17 -0700] "GET /?j=4686133811 HTTP/2.0" 200 196959 "-" "Mozilla/5.0 (Macintosh; Intel Mac OS X 10_15_7) AppleWebKit/537.36 (KHTML, like Gecko) Chrome/145.0.0.0 Safari/537.36 (compatible; meta-externalagent/1.1 (+https://developers.facebook.com/docs/sharing/webmasters/crawler))"
216.73.216.243 - - [18/Jul/2026:00:59:18 -0700] "GET /shop/?video=ems456.bet HTTP/2.0" 301 40 "-" "Mozilla/5.0 AppleWebKit/537.36 (KHTML, like Gecko; compatible; ClaudeBot/1.0; +claudebot@anthropic.com)"
216.73.216.243 - - [18/Jul/2026:00:59:19 -0700] "GET /shop/?video=galaxyauto+PGSLOT HTTP/2.0" 301 86 "-" "Mozilla/5.0 AppleWebKit/537.36 (KHTML, like Gecko; compatible; ClaudeBot/1.0; +claudebot@anthropic.com)"
